he highest common factor of z and 34.
34
Let a = -12 - -26. Let w be 4/(-14) - (-172)/a. Calculate the greatest common divisor of w and 60.
12
Suppose -2*b - s = -8, -2*s = 3*b - 5*s - 21. What is the highest common factor of 10 and b?
5
Suppose 3*z = 231 + 189. Calculate the highest common divisor of z and 20.
20
Suppose 4*v - 2*v = -4*m + 36, 0 = 4*v - 2*m - 32. Suppose -5*o + 75 = z, -22 = -4*z + 4*o + 350. Calculate the greatest common factor of v and z.
10
Let p(o) = -o**3 + 12*o**2 - o + 14. Let x be p(12). Suppose -2*g + 6 = x. Calculate the highest common divisor of g and 6.
2
Let r = 3 - 1. Let o be (1/3)/(r/30). What is the highest common factor of o and 35?
5
Suppose 2*p = 31 + 17. What is the greatest common divisor of p and 144?
24
Let f be 1/(-2) + (-20)/(-8). Suppose -w = -4*j - 12 + 124, -3*w = -f*j + 66. Calculate the greatest common factor of j and 297.
27
Let i(n) = -28*n - 5. Let p be i(-2). Suppose 5*b - 2 - 8 = 0. Suppose -3*g = -4*t - 102, -3*g + t = -b*g - 34. Calculate the greatest common factor of p and g.
17
Let a = -29 + 11. Let r be (-110)/(-6) - (-6)/a. Calculate the highest common divisor of 18 and r.
18
Suppose b + 2*h - 20 = 0, 2*b - h = 4*h + 31. What is the highest common divisor of b and 9?
9
Suppose 9*t = 4*t + 280. Suppose -12*b + 101 = 17. What is the greatest common factor of t and b?
7
Let y = -11 - -15. Let k be 2 - -2*346/y. Let v = k + -85. What is the highest common divisor of 18 and v?
18
Suppose 4*s - 3*z - 76 = 0, -2*z = -5*z - 12. What is the highest common factor of s and 2?
2
Let s = 4 + 6. Let t(o) = -o**3 - o**2 - 2. Let k be t(-2). Calculate the greatest common divisor of s and k.
2
Suppose 166 - 31 = 5*c. Suppose 36 = 6*v - 2*v. Calculate the highest common factor of v and c.
9
Suppose -4*j + 67 + 133 = 0. Suppose o - 12 = 8. What is the highest common divisor of j and o?
10
Suppose -3*h + 4*g + 63 + 7 = 0, g = -4*h + 106. Let s(r) = r**2 + 10*r + 2. Let i be s(-11). What is the highest common factor of i and h?
13
Let t be 6*(3 + 0 - 2). Suppose -5*g - 4*v = -2*g - 72, 0 = -3*g + 2*v + 72. What is the highest common divisor of g and t?
6
Let v(s) = s + 3. Let j be v(0). Suppose m - j*n = 3, 5*m - 78 + 9 = -3*n. Calculate the greatest common factor of 84 and m.
12
Let p be 2/2 + 9*1. Let l = 38 + p. Suppose -60 = -5*o - 30. What is the greatest common factor of o and l?
6
Let y(f) = -8*f. Let d be y(-2). Suppose 0*g = -4*g + d. What is the highest common divisor of 10 and g?
2
Let u be (-5)/(10/(-84)) + 2. Let r be (-220)/10*(-1 + 1/2). Calculate the highest common factor of u and r.
11
Let i(t) = -t**3 + 140. Let b be i(0). Suppose 20*v - 6*v - 280 = 0. What is the greatest common factor of v and b?
20
Let a = 4 - -14. What is the greatest common divisor of 36 and a?
18
Suppose -2*w - 142 = 5*t - 9*t, 4*t - 157 = 5*w. Calculate the greatest common factor of 22 and t.
11
Let t = 11 + -6. Suppose -t*a + k + 197 = 0, 0 = -3*a + a - k + 83. Suppose -a = -4*f - 0*f. What is the highest common factor of f and 70?
10
Suppose 0*t - 4*t = -12. Let f be 2/6*(t - -36). Calculate the greatest common divisor of 39 and f.
13
Let m be (-1)/(-2) + (-621)/(-6). Suppose -v = -5*v + m. What is the greatest common divisor of v and 104?
26
Suppose 8*p - 3*p = 375. Calculate the greatest common divisor of 50 and p.
25
Suppose 2*j + 11 = 2*a + 7*j, -5*a + 20 = 5*j. Suppose -5*v + 18 = -a*v. Calculate the greatest common divisor of 1 and v.
1
Let j = -31 + 219. Let a = -80 + j. Calculate the greatest common factor of 12 and a.
12
Let z(b) = -b**3 - 6*b**2 - 7*b + 6. Let g be z(-6). What is the greatest common factor of g and 48?
48
Let n(d) = 4*d**2 - 2*d - 6. Let s be n(-4). Let x = -30 - -74. What is the highest common factor of x and s?
22
Suppose -a + 22 = 2*l - 4*a, 5*a = 0. Let f(b) = -3 - 2*b**3 - 3*b + 0 - 3*b**2 + b**2. Let g be f(-2). What is the greatest common divisor of g and l?
11
Let m = 133 + -76. Suppose m = -2*n - n. Let h = n - -28. Calculate the highest common factor of 63 and h.
9
Let f(w) = 30*w - 2. Let m be f(2). Let b(g) = 31*g - 2. Let o be b(1). What is the highest common divisor of o and m?
29
Let b = 69 + 19. Let i be (-4)/(-10) + (-236)/(-10). Let f be ((-4)/(-6))/(2/i). Calculate the greatest common divisor of b and f.
8
Suppose -w + 6*w - 24 = -l, -l + 20 = 4*w. Let c be 2/w - (-5)/2. Suppose -c*v = v - 28. What is the greatest common divisor of 21 and v?
7
Suppose -2*l - 4*l = -36. Calculate the highest common divisor of l and 6.
6
Suppose k - i + 178 = 4*k, 0 = 5*k + 3*i - 294. Let w(b) = 14*b + 1. Let y be w(1). Calculate the greatest common divisor of y and k.
15
Suppose 3*q - 15 = -21. Let b(a) = a**2. Let n be b(q). What is the highest common factor of 28 and n?
4
Suppose -5*z = -8*z + 18. What is the highest common factor of z and 54?
6
Suppose 0*a + 4 = -f - 2*a, -a - 3 = 0. Suppose 4*m + f + 2 = 0. Let y be 1 + 3/m*-1. What is the greatest common divisor of y and 12?
4
Let o(r) = -r**3 - 11*r**2 - 2*r - 8. Let v be o(-10). Let n be (49/28)/((-2)/v). What is the highest common factor of n and 11?
11
Let w = 136 + -91. Let s be 1 - 1/((-3)/w). Let t = -152 + 232. What is the greatest common factor of t and s?
16
Let w = 1 + 1. Suppose -w*j + 20 = 6. Let g(n) = n**2 - n. Let a be g(j). What is the greatest common divisor of 14 and a?
14
Let p = 0 + 1. Let r(h) = 2*h - 3. Let d(g) = -g**3 - 4*g**2 + 3*g - 3. Let a be d(-5). Let f be r(a). What is the highest common factor of f and p?
1
Suppose 11*x - 65 - 155 = 0. Calculate the greatest common factor of 30 and x.
10
Let n = -7 - -3. Let f = 108 + -104. Let v be 42/f + 2/n. Calculate the greatest common factor of v and 10.
10
Suppose -50 = -3*x + 52. Let w = -73 + x. Let g be (-3)/((-18)/(-10))*w. Calculate the highest common factor of 26 and g.
13
Let r = -86 + 167. What is the greatest common factor of r and 27?
27
Suppose -5*u - p + 6 = 0, u + 5*p - 2 = 4*u. Let f = -2 + 6. Let x be ((-2)/f)/((-4)/40). What is the greatest common factor of x and u?
1
Let u be (-1)/(-2) - (-65)/(-2). Let s be (-8)/28 + u/(-14). Suppose -5*j + 20 = -5*h, -2*j + 18 = 2*j - 5*h. What is the greatest common divisor of s and j?
2
Let w = -141 - -149. What is the highest common factor of w and 4?
4
Suppose 0 = -3*c - 0*c - 4*q + 145, 4*c - 5*q - 214 = 0. Suppose 4*l = -l + 15. Suppose -l*r = 22 - 124. What is the highest common factor of r and c?
17
Let s = -40 + 61. What is the greatest common factor of s and 14?
7
Let n = -51 - -64. Calculate the greatest common factor of n and 39.
13
Suppose 2 = -3*a + 4*a, 5*h + a = 352. Calculate the highest common factor of h and 28.
14
Let b be 3 + 1 + 0 + -2. What is the greatest common factor of b and 8?
2
Let n be (-6)/18 - (-376)/3. Suppose -v = -5*i + 249, v = i - 3*v - 46. What is the greatest common factor of i and n?
25
Suppose -3*f + 5*f - 100 = 0. Let h be 2/(-10) - (-2810)/f. Suppose 4*j - 57 = p, -15 = 5*j + 2*p - 83. Calculate the highest common divisor of j and h.
14
Let c(z) = -z**2 + 2*z - 6. Let s be c(-5). Let a = -1 - s. What is the highest common divisor of 5 and a?
5
Let r be (-20)/(-25)*(-10)/(-4). Let f be 98/r + -1 + 2. What is the highest common factor of f and 10?
10
Suppose 5*x - 5 = 5. Let o(k) = 8*k. Let n be o(x). Calculate the greatest common factor of n and 24.
8
Let r be ((-6)/(-5))/(2/5). Suppose 0 = o + r*o - 20. Suppose 2*d - 3 - o = 0. Calculate the highest common divisor of 44 and d.
4
Let l be 2/2*(-4 - -21). Suppose -2*m = -1 - l. What is the highest common factor of 6 and m?
3
Let r = -32 - -44. What is the highest common divisor of 4 and r?
4
Let w(y) = y**2 - y - 1. Let s be w(1). Let n be s - (3 + -41 - -4). Calculate the highest common divisor of n and 3.
3
Let c(q) = q**2 + 4*q + 4. Let h be c(-6). Let g = 39 - 14. Let v = g + 7. Calculate the greatest common divisor of h and v.
16
Suppose -178 = -5*b + 92. Let z(r) = -r + 3. Let g be z(5). Let a be 15/g*6/(-5). What is the greatest common divisor of a and b?
9
Let m be (-18)/30 - 3006/(-10). Suppose 3*y + 2*p = 180, 4*y = -y + 4*p + m. Calculate the highest common factor of y and 24.
12
Suppose -3*d + r = -5, 3*d + 4*r = d + 8. Let m(w) = 2 + w + 3*w**2 - 3*w + 5*w**3 - 4*w**3. Let q be m(d). Calculate the